-7 - -11)*(-2)/(-4). Let g(u) = u + u - u**2 - 4*u**2 - 3 + 3*u**r + u**3. Determine g(2).
1
Let t(b) = b**2 + 7. Let j(n) = 0 + 7 - 3*n + 2*n. Let d be j(7). What is t(d)?
7
Let v(j) be the second derivative of 1/6*j**4 + 1/60*j**5 + j + 2*j**2 - j**3 + 0. Let x(y) be the first derivative of v(y). Calculate x(-6).
6
Let h(r) = -1305*r**2 - 8 + 652*r**2 - 8*r + 652*r**2. Give h(-6).
4
Let g(x) = x**2 + x - 7. Let i = 69 - 66. Suppose 0*m = 3*m + i*m. Give g(m).
-7
Let i(x) = x**2 - x - 2. Let t(g) = 39*g**2 - g - 4. Let h(m) = -2*i(m) + t(m). Determine h(-1).
36
Let m(w) = 3*w**2 - 4*w + 9. Let v(j) = 5*j**2 - 9*j + 9. Let f(g) = -3*m(g) + 2*v(g). Determine f(-5).
46
Suppose -v + 6*v = 3*k - 49, -4*v + 2*k = 38. Let f = v + 5. Let a(c) = -2*c**3 + c**3 + c**2 + 1 - 3*c**2. Calculate a(f).
10
Let o(r) = r. Let a be 7/(-3 - (-70)/25). Let s be (-160)/a + 8/(-14). Calculate o(s).
4
Let q(d) = 5*d + 14. Let g(r) = -r. Suppose -y = -2*y - 6. Let n(c) = y*g(c) - q(c). Let s = 1540 + -1534. What is n(s)?
-8
Let h(j) = -220*j + 10 + 223*j - 2*j**2 - 10. Determine h(-3).
-27
Let v(a) be the second derivative of -a**4/12 + a**3/3 - a**2 - 45*a. Suppose 0 = u - 3. What is v(u)?
-5
Let v be ((-12)/2 - -4 - -2)/(-1). Let w(r) be the third derivative of -5*r**2 + v*r**3 - 1/20*r**5 + 0 + 1/12*r**4 + 1/120*r**6 + 0*r. Calculate w(3).
6
Let c(j) = -2*j + 1. Suppose 0 = 2*v - 3 - 11. Let l(k) = 2*k - 12. Let s be l(v). What is c(s)?
-3
Let x(o) = -5*o**2 + 7*o - 18. Let f(b) = -6*b**2 + 6*b - 19. Let y(m) = 4*f(m) - 5*x(m). Calculate y(10).
4
Let c(q) = q + 2. Suppose 49 = 5*a - 2*b + 3, 4*a - 42 = -b. Suppose -w - 5*x = -8, x - a = w - 0. Give c(w).
-5
Let j(v) = v**3 + 3*v**2 - 4*v - 3. Suppose -2*q - 4*n = 10, -6 = q + q + 2*n. Let g = q - -5. Let a = -7 + g. Determine j(a).
9
Let t = -184 - -194. Let q(r) = r**2 - 8*r - 18. Calculate q(t).
2
Let i(u) = 2*u**2 + 7*u + 5. Let n be i(-3). Let h(p) = 2*p**2 - 6*p**n + 7*p**2. Give h(-1).
3
Let q(t) = 3*t**2 + 4*t + 1. Let c(v) = -2*v**2 - 22*v - 27. Let d(z) = c(z) + q(z). Calculate d(19).
-7
Suppose 3 = -4*o + 7. Suppose -o = 2*w - 15. Let z(l) = -2*l**2 + 6 + 0*l**2 - 9*l - 2*l**2 - 3*l**2 + 8*l**2. What is z(w)?
-8
Suppose 0*v + 4*b + 12 = 2*v, -5*v + b + 21 = 0. Suppose -y = v*y + 35. Let g(r) = r**3 - 24 - 4 + 6*r**2 + 23 - 7*r. Calculate g(y).
-5
Let s(a) be the third derivative of a**6/120 - 2*a**5/15 + a**4/3 + 2*a**3/3 - 589*a**2. Calculate s(5).
-31
Let q = 42 - 38. Let o(n) = -2*n**2 + 4*n + 2. Determine o(q).
-14
Let h(k) = -2*k. Let q be 1*((-5)/(-5) - -1). Suppose -f + 10 + q = 0. Let g = -16 + f. Determine h(g).
8
Let l(k) = -8*k - 2. Let j(x) = -x - 2. Let n(m) = -6*j(m) + l(m). Give n(5).
0
Let f(a) = -a**3 - 4*a**2 + 2*a + 1. Suppose 0*p + 48 = 6*p. Let i = 13 + -25. Let t = i + p. Give f(t).
-7
Let r(n) = -3*n**2 - 6*n + 6. Let a(b) = 4*b**2 + 7*b - 7. Let j(x) = -2*a(x) - 3*r(x). Let k(q) be the first derivative of j(q). Calculate k(-4).
-4
Let d(z) = z**2 - 29*z - 5. Let u be d(29). Let w(l) = l**3 + 7*l**2 + 4*l + 3. Calculate w(u).
33
Let j(g) = g**2 + 5*g + 3. Let x be (-3 - -1) + (-15)/3. What is j(x)?
17
Let z(k) = k**3 + 6*k**2 - 3*k + 2. Let g = 46 + -45. Let c(t) = -5*t**2 - 2*t + 1. Let i be c(g). Calculate z(i).
20
Let q(p) be the third derivative of p**4/24 - 10*p**3/3 + p**2 - 4. Give q(-7).
-27
Let h(z) = 2*z**2 + 2*z - 6. Let o be 3/(3/(-5)) + 1. What is h(o)?
18
Let r(z) = 3*z**3 - 11*z**2 + 9*z - 5. Let o(l) be the first derivative of -l**4 + 17*l**3/3 - 13*l**2/2 + 8*l + 18. Let i(f) = 5*o(f) + 7*r(f). Give i(-8).
21
Let s = 86 - 59. Let i = 38 - s. Suppose 2*m - 3 = -i. Let j(b) = -2*b - 4. Calculate j(m).
4
Let m(l) = 2*l**2 + 7*l + 4. Let g = -1 - 3. Let p be m(g). Let i(y) = y**2 - 8 + p. Determine i(3).
9
Suppose 0 = -9*q + 3*q + 6. Suppose -4 = -2*t + h, 3*h = 5*t - 10 - q. Let g(z) = -6*z**2 - 1. Calculate g(t).
-7
Let s(h) = -2 + 3 - 3*h + h + 17 + 4*h. Calculate s(-7).
4
Suppose m - 5 = -5. Let s be -2*(0 + (m - -1)) - -3. Let z(n) be the second derivative of -3*n**3/2 + n**2/2 + n. What is z(s)?
-8
Let v = 130 - 128. Let q(c) = 3*c + 1. Let p(d) = -5*d - 3. Let t(k) = 2*p(k) + 5*q(k). Give t(v).
9
Let a(p) = p**2 + p - 1. Let k(f) be the first derivative of -f**3 - 6*f - 19. Let v(n) = 4*a(n) + k(n). Calculate v(-7).
11
Let c(j) = -3*j - 6. Let h(u) = 9*u + 18. Let k(v) = 8*c(v) + 3*h(v). Let n be (-12)/(16/(-4))*(-10)/6. Determine k(n).
-9
Let h(k) be the second derivative of -k**3/6 - 11*k**2/2 - 81*k. Calculate h(-11).
0
Let s(u) = 71*u + 11 - 70*u + 3. Determine s(-7).
7
Let b(g) = g**3 - 4*g**2 - 3*g - 9. Let z(t) = -8*t + 301. Let u be z(37). Calculate b(u).
1
Let q(b) = -b**3 + 6*b**2 - 6*b + 3. Suppose 0 = 5*l + a - 6*a - 65, -3*l = 3*a - 21. Let i be 63/27 + l/6. Determine q(i).
11
Let g(d) = d**3 + d**2 - d + 6. Let u(x) = -x**3 - 3*x**2 + 4*x. Let m be u(-4). Give g(m).
6
Let z = 2376 + -2371. Let s(l) be the first derivative of 1/3*l**3 - 4*l**2 - z + 6*l. Give s(5).
-9
Let l(i) be the first derivative of i**4/4 + 3*i**3 - i**2/2 - 4*i - 202. What is l(-9)?
5
Let u(o) = -14856*o + 1 + 14847*o - 4 + 2*o**2. Give u(4).
-7
Suppose -3*z = -2*h - 2, -3*h + 2*z = -8*h - 5. Let y(c) = c**2 - 8*c + 9. Let v be y(7). Let n(l) = -5*l - v + l + 3. Give n(h).
5
Let x(z) = -2*z**3 + 5*z**2 + 4*z + 2. Let s be x(-1). Let b(a) = a**3 - 4*a**2 - 8*a + 13. Determine b(s).
-2
Let l = -21 + 19. Let d be (-2)/(-3)*(5 + l). Let h(v) = 14*v - 37*v + 14*v - 8 - v**d. Calculate h(-7).
6
Let g(i) = 2*i**2 - 2*i + 1. Let n be g(2). Let k = 1 + n. Let r(m) be the third derivative of m**5/60 - 7*m**4/24 - 2*m**2. Calculate r(k).
-6
Let j(l) = -5*l**3 - 11*l**2 - l. Let u(n) = -14*n**3 - 32*n**2 - 3*n - 1. Let f(s) = 11*j(s) - 4*u(s). Determine f(-7).
-3
Let x(q) = q. Suppose -5*k + 5 = -n, 5*k - 30 = -0*k - 4*n. Suppose 4*y = k*l - 4, -l = -y + l - 1. Let u(a) = 2*a + 5. Let h(b) = y*x(b) + u(b). Give h(-7).
-2
Let p(x) = -9*x + 13*x**2 + 0*x**2 + 15 - 5*x**2 - 7*x**2. Let i be p(8). Let f(s) = 2*s - 8. Give f(i).
6
Let z be 11 + 12/8*-2. Suppose -17 = -5*a + z. Suppose 0 = -k + 5*k + a*u - 16, 4*k = 3*u + 16. Let r(j) = -j**3 + 5*j**2 - 4*j - 1. Give r(k).
-1
Let c(h) = 2. Let l(o) = 3. Let f(r) = 4*c(r) - 3*l(r). Let k(t) = t**3 - t**2 + 2*t + 4. Let i(w) = 2*f(w) + k(w). Give i(-2).
-14
Let z(i) = 12*i + 2. Let s = -459 + 458. Determine z(s).
-10
Suppose -5*y - d = d - 8, -d = 1. Suppose 6*i = y*i - 16. Let l(a) = -a**3 - 6*a**2 - 5*a - 3. Calculate l(i).
-15
Let w(u) = -6*u**3 - 2*u**2 + 2*u - 1. Suppose -2*z + 4 = -f - z, 27 = 2*f + 5*z. Suppose 0 = g - f. Determine w(g).
-7
Suppose 0 = a - 1 - 3. Let n(h) = -6*h - 2. Let c(g) = -30*g - 6. Let v(k) = -2*c(k) + 9*n(k). Give v(a).
18
Let f(z) be the third derivative of 0*z + 1/24*z**4 + 0 + 9*z**2 - 2/3*z**3. Calculate f(3).
-1
Let z(f) be the second derivative of f**7/2520 + f**6/180 + f**5/60 + 13*f**4/12 - 17*f. Let k(o) be the third derivative of z(o). Calculate k(-4).
2
Suppose a + 10 = -2*g + 2, g - 3 = 3*a. Let b(t) = t**3 - 14*t**2 + t - 7. Let j be b(14). Let w(c) = -9*c**2 - 2 + 4 + j*c**2 + c. Determine w(a).
-8
Let d(q) = -q**3 - 3*q**2 - 5*q + 1. Let v(s) = s**3 + 3*s**2 + 5*s - 2. Let o(u) = 6*d(u) + 5*v(u). Determine o(-4).
32
Suppose -2*r + 9 = r. Suppose -r*x + 7 = -2. Suppose x = m - 3. Let t(s) = s - 14. What is t(m)?
-8
Let g be 1/(4/(24/2)). Suppose 0*b - 2*b - 2*o + 6 = 0, -4*b - g*o = -11. Suppose -4 = b*h + 4. Let c(v) = 2*v - 1. What is c(h)?
-9
Suppose 15*c - 3*c = -168. Let f = c - -10. Let l(y) = -y**3 - 4*y**2 - 2*y. Calculate l(f).
8
Let g(i) = -i**3 + i**2 + 5*i - 5. Let s be g(2). Let z(q) be the third derivative of -q**6/20 + q**5/30 - q**4/24 - 20*q**2. Give z(s).
-5
Let n(x) = -x**3 - x**2 + 5*x + 3. Let f(l) = l. Suppose 2*m = -3*z - 17, 5 + 9 = -2*z - 2*m. Let o be f(z). Determine n(o).
6
Let o(g) = g**2 + 4*g - 8. Let p(k) = -k**3 - 28*k**2 + 61*k + 25. Let x be p(-30). What is o(x)?
-3
Suppose 0 = 4*n + n - 85. Suppose -n = -4*z + 11. Let l(h) = -h**2 + 7*h. Give l(z).
0
Let m(j) = j**3 - 6*j**2 - 2*j + 5. Suppose -5*t + 5 = 5*y, -5*t + 3*y + 20 = 5*y. Determine m(t).
-7
Let f be (8/5)/(10/25). Suppose f*h + z = 17, -z - 29 = -5*h - 1. Let w(y) = 3 + y**2 + 3 - 8*y + y. Give w(h).
-